{"id":25669,"date":"2017-12-29T12:02:44","date_gmt":"2017-12-29T11:02:44","guid":{"rendered":"https:\/\/artsenscenes.fr\/aeswp\/?page_id=25669"},"modified":"2022-10-18T11:37:54","modified_gmt":"2022-10-18T09:37:54","slug":"reservation-de-salle-mons","status":"publish","type":"page","link":"https:\/\/artsenscenes.fr\/aeswp\/reservation-de-salle-mons\/","title":{"rendered":"Agenda AES &#038; R\u00e9servation de la salle Mons"},"content":{"rendered":"<p>[et_pb_section fb_built=\u00a0\u00bb1&Prime; _builder_version=\u00a0\u00bb4.16&Prime; background_image=\u00a0\u00bbhttps:\/\/artsenscenes.fr\/aeswp\/wp-content\/uploads\/2017\/09\/Equipe-rentr\u00e9e-2017.jpg\u00a0\u00bb global_colors_info=\u00a0\u00bb{}\u00a0\u00bb][et_pb_row _builder_version=\u00a0\u00bb4.16&Prime; global_colors_info=\u00a0\u00bb{}\u00a0\u00bb column_structure=\u00a0\u00bb1_3,2_3&Prime;][et_pb_column type=\u00a0\u00bb1_3&Prime; _builder_version=\u00a0\u00bb4.16&Prime; custom_padding=\u00a0\u00bb|||\u00a0\u00bb global_colors_info=\u00a0\u00bb{}\u00a0\u00bb custom_padding__hover=\u00a0\u00bb|||\u00a0\u00bb][et_pb_text _builder_version=\u00a0\u00bb4.16&Prime; link_text_align=\u00a0\u00bbleft\u00a0\u00bb ul_text_align=\u00a0\u00bbleft\u00a0\u00bb ol_text_align=\u00a0\u00bbleft\u00a0\u00bb quote_text_align=\u00a0\u00bbleft\u00a0\u00bb header_text_align=\u00a0\u00bbleft\u00a0\u00bb header_2_text_align=\u00a0\u00bbleft\u00a0\u00bb header_3_text_align=\u00a0\u00bbleft\u00a0\u00bb header_4_text_align=\u00a0\u00bbleft\u00a0\u00bb header_5_text_align=\u00a0\u00bbleft\u00a0\u00bb header_6_text_align=\u00a0\u00bbleft\u00a0\u00bb background_color=\u00a0\u00bbrgba(255,255,255,0.39)\u00a0\u00bb use_background_color_gradient=\u00a0\u00bbon\u00a0\u00bb background_color_gradient_type=\u00a0\u00bbcircular\u00a0\u00bb background_color_gradient_stops=\u00a0\u00bbrgba(255,255,255,0.6) 80%|#ffffff 100%\u00a0\u00bb background_color_gradient_start=\u00a0\u00bbrgba(255,255,255,0.6)\u00a0\u00bb background_color_gradient_start_position=\u00a0\u00bb80%\u00a0\u00bb background_color_gradient_end=\u00a0\u00bb#ffffff\u00a0\u00bb module_alignment=\u00a0\u00bbleft\u00a0\u00bb custom_padding=\u00a0\u00bb10px|10px|10px|10px\u00a0\u00bb box_shadow_style=\u00a0\u00bbpreset1&Prime; global_colors_info=\u00a0\u00bb{}\u00a0\u00bb]<strong><span style=\"text-decoration: underline;\">R\u00e9servation Salle de r\u00e9p\u00e9titions Amphith\u00e9\u00e2tre Ville de Mons :<\/span><\/strong><\/p>\n<p>Pour r\u00e9server la salle, merci d&rsquo;adresser un mail \u00e0 <a href=\"mailto:contact@artsenscenes.fr\">contact@artsenscenes.fr<\/a> en pr\u00e9cisant date, cr\u00e9neaux horaires et objet de votre activit\u00e9. Vous pouvez \u00e9galement utiliser le<a href=\"#reservation\"> formulaire ci-dessous<\/a>.<\/p>\n<p><em>PS: Pour pouvoir utiliser la salle, il faut \u00eatre membre de l&rsquo;association, \u00e0 jour de sa cotisation.<\/em><br \/>\n[\/et_pb_text][et_pb_button button_url=\u00a0\u00bbhttps:\/\/artsenscenes.fr\/aeswp\/\u00a0\u00bb button_text=\u00a0\u00bbRetour au site Arts en Sc\u00e8nes\u00a0\u00bb button_alignment=\u00a0\u00bbcenter\u00a0\u00bb _builder_version=\u00a0\u00bb4.16&Prime; custom_button=\u00a0\u00bbon\u00a0\u00bb button_text_size=\u00a0\u00bb15&Prime; button_text_color=\u00a0\u00bb#ffffff\u00a0\u00bb button_bg_color=\u00a0\u00bbrgba(233,102,158,0.7)\u00a0\u00bb button_border_width=\u00a0\u00bb0&Prime; button_font=\u00a0\u00bb|700|||||||\u00a0\u00bb button_text_shadow_style=\u00a0\u00bbpreset1&Prime; global_colors_info=\u00a0\u00bb{}\u00a0\u00bb button_text_size__hover_enabled=\u00a0\u00bboff\u00a0\u00bb button_one_text_size__hover_enabled=\u00a0\u00bboff\u00a0\u00bb button_two_text_size__hover_enabled=\u00a0\u00bboff\u00a0\u00bb button_text_color__hover_enabled=\u00a0\u00bboff\u00a0\u00bb button_one_text_color__hover_enabled=\u00a0\u00bboff\u00a0\u00bb button_two_text_color__hover_enabled=\u00a0\u00bboff\u00a0\u00bb button_border_width__hover_enabled=\u00a0\u00bboff\u00a0\u00bb button_one_border_width__hover_enabled=\u00a0\u00bboff\u00a0\u00bb button_two_border_width__hover_enabled=\u00a0\u00bboff\u00a0\u00bb button_border_color__hover_enabled=\u00a0\u00bboff\u00a0\u00bb button_one_border_color__hover_enabled=\u00a0\u00bboff\u00a0\u00bb button_two_border_color__hover_enabled=\u00a0\u00bboff\u00a0\u00bb button_border_radius__hover_enabled=\u00a0\u00bboff\u00a0\u00bb button_one_border_radius__hover_enabled=\u00a0\u00bboff\u00a0\u00bb button_two_border_radius__hover_enabled=\u00a0\u00bboff\u00a0\u00bb button_letter_spacing__hover_enabled=\u00a0\u00bboff\u00a0\u00bb button_one_letter_spacing__hover_enabled=\u00a0\u00bboff\u00a0\u00bb button_two_letter_spacing__hover_enabled=\u00a0\u00bboff\u00a0\u00bb button_bg_color__hover_enabled=\u00a0\u00bboff\u00a0\u00bb button_one_bg_color__hover_enabled=\u00a0\u00bboff\u00a0\u00bb button_two_bg_color__hover_enabled=\u00a0\u00bboff\u00a0\u00bb][\/et_pb_button][\/et_pb_column][et_pb_column type=\u00a0\u00bb2_3&Prime; _builder_version=\u00a0\u00bb4.16&Prime; custom_padding=\u00a0\u00bb|||\u00a0\u00bb global_colors_info=\u00a0\u00bb{}\u00a0\u00bb custom_padding__hover=\u00a0\u00bb|||\u00a0\u00bb][et_pb_text _builder_version=\u00a0\u00bb4.16&Prime; global_colors_info=\u00a0\u00bb{}\u00a0\u00bb]<\/p>\n<div align=\"center\"><iframe loading=\"lazy\" style=\"border-width: 0;\" src=\"https:\/\/calendar.google.com\/calendar\/embed?title=Agenda%20AES%20%28rose%29%20%26%20Salle%20Mons%20%28orange%29&amp;showCalendars=0&amp;showTz=0&amp;mode=WEEK&amp;height=400&amp;wkst=2&amp;hl=fr&amp;src=kuh73m8q5vs3393kv6p8rbrt70%40group.calendar.google.com&amp;color=%23B1365F&amp;src=nbplc2949pguk9tf159l359q64%40group.calendar.google.com&amp;color=%23B1440E&amp;ctz=Europe%2FParis\" scrolling=\"no\" width=\"600\" height=\"400\" frameborder=\"0\"><\/iframe><\/div>\n<p>[\/et_pb_text][\/et_pb_column][\/et_pb_row][et_pb_row _builder_version=\u00a0\u00bb4.16&Prime; background_color=\u00a0\u00bbrgba(215,173,194,0.7)\u00a0\u00bb custom_padding=\u00a0\u00bb5px|5px|5px|5px\u00a0\u00bb global_colors_info=\u00a0\u00bb{}\u00a0\u00bb][et_pb_column type=\u00a0\u00bb4_4&Prime; _builder_version=\u00a0\u00bb4.16&Prime; custom_padding=\u00a0\u00bb|||\u00a0\u00bb global_colors_info=\u00a0\u00bb{}\u00a0\u00bb custom_padding__hover=\u00a0\u00bb|||\u00a0\u00bb][et_pb_code _builder_version=\u00a0\u00bb4.16.0&Prime; hover_enabled=\u00a0\u00bb0&Prime; global_colors_info=\u00a0\u00bb{}\u00a0\u00bb sticky_enabled=\u00a0\u00bb0&Prime;]<\/p>\n<div id=\"reservation\">\n<div class=\"wpcf7 no-js\" id=\"wpcf7-f26300-o1\" lang=\"fr-FR\" dir=\"ltr\" data-wpcf7-id=\"26300\">\n<div class=\"screen-reader-response\"><p role=\"status\" aria-live=\"polite\" aria-atomic=\"true\"><\/p> <ul><\/ul><\/div>\n<form action=\"\/aeswp\/wp-json\/wp\/v2\/pages\/25669#wpcf7-f26300-o1\" method=\"post\" class=\"wpcf7-form init\" aria-label=\"Formulaire de contact\" novalidate=\"novalidate\" data-status=\"init\">\n<fieldset class=\"hidden-fields-container\"><input type=\"hidden\" name=\"_wpcf7\" value=\"26300\" \/><input type=\"hidden\" name=\"_wpcf7_version\" value=\"6.1.5\" \/><input type=\"hidden\" name=\"_wpcf7_locale\" value=\"fr_FR\" \/><input type=\"hidden\" name=\"_wpcf7_unit_tag\" value=\"wpcf7-f26300-o1\" \/><input type=\"hidden\" name=\"_wpcf7_container_post\" value=\"0\" \/><input type=\"hidden\" name=\"_wpcf7_posted_data_hash\" value=\"\" \/>\n<\/fieldset>\n<h1>Demande de r\u00e9servation de l'amphith\u00e9\u00e2tre Ville de Mons:\n<\/h1>\n<p><label> Votre nom (*)<br \/>\n<span class=\"wpcf7-form-control-wrap\" data-name=\"nom\"><input size=\"40\" maxlength=\"400\" class=\"wpcf7-form-control wpcf7-text wpcf7-validates-as-required\" aria-required=\"true\" aria-invalid=\"false\" placeholder=\"Votre nom\" value=\"\" type=\"text\" name=\"nom\" \/><\/span> <\/label>\n<\/p>\n<p><label> Votre adresse de messagerie (*)<br \/>\n<span class=\"wpcf7-form-control-wrap\" data-name=\"email\"><input size=\"40\" maxlength=\"400\" class=\"wpcf7-form-control wpcf7-email wpcf7-validates-as-required wpcf7-text wpcf7-validates-as-email\" aria-required=\"true\" aria-invalid=\"false\" placeholder=\"Votre email\" value=\"\" type=\"email\" name=\"email\" \/><\/span> <\/label>\n<\/p>\n<p><label> Date de r\u00e9servation (*)<br \/>\n<span class=\"wpcf7-form-control-wrap\" data-name=\"date_reservation\"><input class=\"wpcf7-form-control wpcf7-date wpcf7-validates-as-required wpcf7-validates-as-date\" aria-required=\"true\" aria-invalid=\"false\" value=\"\" type=\"date\" name=\"date_reservation\" \/><\/span> <\/label>\n<\/p>\n<table style=\"width: 50%;text-align: center;\">\n\t<tbody>\n\t\t<tr>\n\t\t\t<td style=\"width: 50%;\">\n\t\t\t\t<p>Choisir l'heure de d\u00e9but\n\t\t\t\t<\/p>\n\t\t\t<\/td>\n\t\t\t<td style=\"width: 50%;\">\n\t\t\t\t<p>Choisir l'heure de fin\n\t\t\t\t<\/p>\n\t\t\t<\/td>\n\t\t<\/tr>\n\t\t<tr>\n\t\t\t<td style=\"width: 50%;\">\n\t\t\t\t<p><input id=\"heure_debut\" type=\"time\" name=\"heure_debut\" value=\"20:30\" \/>\n\t\t\t\t<\/p>\n\t\t\t<\/td>\n\t\t\t<td style=\"width: 50%;\">\n\t\t\t\t<p><input id=\"heure_fin\" type=\"time\" name=\"heure_fin\" value=\"22:30\" \/>\n\t\t\t\t<\/p>\n\t\t\t<\/td>\n\t\t<\/tr>\n\t<\/tbody>\n<\/table>\n<p><label> Votre message:<br \/>\n<textarea name=\"message\"\n   rows=\"5\" cols=\"60\">\nRenseigner votre message ici.\n<\/textarea><\/label>\n<\/p>\n<P>(*) Ces champs doivent \u00eatre renseign\u00e9s pour pouvoir envoyer le formulaire\n<\/p>\n<p>[wpgdprc \"En utilisant ce formulaire, vous acceptez le stockage et le traitement de vos donn\u00e9es par ce site.\"]\n<\/p>\n<p><input class=\"wpcf7-form-control wpcf7-submit has-spinner\" type=\"submit\" value=\"Envoyer\" \/>\n<\/p><div class=\"wpcf7-response-output\" aria-hidden=\"true\"><\/div>\n<\/form>\n<\/div>\n<\/div>\n<p>[\/et_pb_code][\/et_pb_column][\/et_pb_row][\/et_pb_section]<\/p>\n","protected":false},"excerpt":{"rendered":"<p>R\u00e9servation Salle de r\u00e9p\u00e9titions Amphith\u00e9\u00e2tre Ville de Mons : Pour r\u00e9server la salle, merci d&rsquo;adresser un mail \u00e0 contact@artsenscenes.fr en pr\u00e9cisant date, cr\u00e9neaux horaires et objet de votre activit\u00e9. Vous pouvez \u00e9galement utiliser le formulaire ci-dessous. PS: Pour pouvoir utiliser la salle, il faut \u00eatre membre de l&rsquo;association, \u00e0 jour de sa cotisation. <p class=\"wpcf7-contact-form-not-found\"><strong>Erreur\u00a0:<\/strong> Formulaire de contact non trouv\u00e9\u00a0!<\/p><\/p>\n","protected":false},"author":1,"featured_media":0,"parent":0,"menu_order":0,"comment_status":"closed","ping_status":"closed","template":"","meta":{"_et_pb_use_builder":"on","_et_pb_old_content":"","_et_gb_content_width":"","footnotes":""},"class_list":["post-25669","page","type-page","status-publish","hentry"],"publishpress_future_action":{"enabled":false,"date":"2026-05-06 15:41:54","action":"change-status","newStatus":"draft","terms":[],"taxonomy":"","extraData":[]},"publishpress_future_workflow_manual_trigger":{"enabledWorkflows":[]},"_links":{"self":[{"href":"https:\/\/artsenscenes.fr\/aeswp\/wp-json\/wp\/v2\/pages\/25669","targetHints":{"allow":["GET"]}}],"collection":[{"href":"https:\/\/artsenscenes.fr\/aeswp\/wp-json\/wp\/v2\/pages"}],"about":[{"href":"https:\/\/artsenscenes.fr\/aeswp\/wp-json\/wp\/v2\/types\/page"}],"author":[{"embeddable":true,"href":"https:\/\/artsenscenes.fr\/aeswp\/wp-json\/wp\/v2\/users\/1"}],"replies":[{"embeddable":true,"href":"https:\/\/artsenscenes.fr\/aeswp\/wp-json\/wp\/v2\/comments?post=25669"}],"version-history":[{"count":43,"href":"https:\/\/artsenscenes.fr\/aeswp\/wp-json\/wp\/v2\/pages\/25669\/revisions"}],"predecessor-version":[{"id":27890,"href":"https:\/\/artsenscenes.fr\/aeswp\/wp-json\/wp\/v2\/pages\/25669\/revisions\/27890"}],"wp:attachment":[{"href":"https:\/\/artsenscenes.fr\/aeswp\/wp-json\/wp\/v2\/media?parent=25669"}],"curies":[{"name":"wp","href":"https:\/\/api.w.org\/{rel}","templated":true}]}}

Agenda AES &#038; Réservation de la salle Mons

<p>[et_pb_section fb_built= »1&Prime; _builder_version= »4.16&Prime; background_image= »https://artsenscenes.fr/aeswp/wp-content/uploads/2017/09/Equipe-rentrée-2017.jpg » global_colors_info= »{} »][et_pb_row _builder_version= »4.16&Prime; global_colors_info= »{} » column_structure= »1_3,2_3&Prime;][et_pb_column type= »1_3&Prime; _builder_version= »4.16&Prime; custom_padding= »||| » global_colors_info= »{} » custom_padding__hover= »||| »][et_pb_text _builder_version= »4.16&Prime; link_text_align= »left » ul_text_align= »left » ol_text_align= »left » quote_text_align= »left » header_text_align= »left » header_2_text_align= »left » header_3_text_align= »left » header_4_text_align= »left » header_5_text_align= »left » header_6_text_align= »left » background_color= »rgba(255,255,255,0.39) » use_background_color_gradient= »on » background_color_gradient_type= »circular » background_color_gradient_stops= »rgba(255,255,255,0.6) 80%|#ffffff 100% » background_color_gradient_start= »rgba(255,255,255,0.6) » background_color_gradient_start_position= »80% » background_color_gradient_end= »#ffffff » module_alignment= »left » custom_padding= »10px|10px|10px|10px » box_shadow_style= »preset1&Prime; global_colors_info= »{} »]<strong><span style="text-decoration: underline;">Réservation Salle de répétitions Amphithéâtre Ville de Mons :</span></strong></p>
<p>Pour réserver la salle, merci d&rsquo;adresser un mail à <a href="mailto:contact@artsenscenes.fr">contact@artsenscenes.fr</a> en précisant date, créneaux horaires et objet de votre activité. Vous pouvez également utiliser le<a href="#reservation"> formulaire ci-dessous</a>.</p>
<p><em>PS: Pour pouvoir utiliser la salle, il faut être membre de l&rsquo;association, à jour de sa cotisation.</em><br />
[/et_pb_text][et_pb_button button_url= »https://artsenscenes.fr/aeswp/ » button_text= »Retour au site Arts en Scènes » button_alignment= »center » _builder_version= »4.16&Prime; custom_button= »on » button_text_size= »15&Prime; button_text_color= »#ffffff » button_bg_color= »rgba(233,102,158,0.7) » button_border_width= »0&Prime; button_font= »|700||||||| » button_text_shadow_style= »preset1&Prime; global_colors_info= »{} » button_text_size__hover_enabled= »off » button_one_text_size__hover_enabled= »off » button_two_text_size__hover_enabled= »off » button_text_color__hover_enabled= »off » button_one_text_color__hover_enabled= »off » button_two_text_color__hover_enabled= »off » button_border_width__hover_enabled= »off » button_one_border_width__hover_enabled= »off » button_two_border_width__hover_enabled= »off » button_border_color__hover_enabled= »off » button_one_border_color__hover_enabled= »off » button_two_border_color__hover_enabled= »off » button_border_radius__hover_enabled= »off » button_one_border_radius__hover_enabled= »off » button_two_border_radius__hover_enabled= »off » button_letter_spacing__hover_enabled= »off » button_one_letter_spacing__hover_enabled= »off » button_two_letter_spacing__hover_enabled= »off » button_bg_color__hover_enabled= »off » button_one_bg_color__hover_enabled= »off » button_two_bg_color__hover_enabled= »off »][/et_pb_button][/et_pb_column][et_pb_column type= »2_3&Prime; _builder_version= »4.16&Prime; custom_padding= »||| » global_colors_info= »{} » custom_padding__hover= »||| »][et_pb_text _builder_version= »4.16&Prime; global_colors_info= »{} »]</p>
<div align="center"><iframe loading="lazy" style="border-width: 0;" src="https://calendar.google.com/calendar/embed?title=Agenda%20AES%20%28rose%29%20%26%20Salle%20Mons%20%28orange%29&amp;showCalendars=0&amp;showTz=0&amp;mode=WEEK&amp;height=400&amp;wkst=2&amp;hl=fr&amp;src=kuh73m8q5vs3393kv6p8rbrt70%40group.calendar.google.com&amp;color=%23B1365F&amp;src=nbplc2949pguk9tf159l359q64%40group.calendar.google.com&amp;color=%23B1440E&amp;ctz=Europe%2FParis" scrolling="no" width="600" height="400" frameborder="0"></iframe></div>
<p>[/et_pb_text][/et_pb_column][/et_pb_row][et_pb_row _builder_version= »4.16&Prime; background_color= »rgba(215,173,194,0.7) » custom_padding= »5px|5px|5px|5px » global_colors_info= »{} »][et_pb_column type= »4_4&Prime; _builder_version= »4.16&Prime; custom_padding= »||| » global_colors_info= »{} » custom_padding__hover= »||| »][et_pb_code _builder_version= »4.16.0&Prime; hover_enabled= »0&Prime; global_colors_info= »{} » sticky_enabled= »0&Prime;]</p>
<div id="reservation">
<div class="wpcf7 no-js" id="wpcf7-f26300-o1" lang="fr-FR" dir="ltr" data-wpcf7-id="26300">
<div class="screen-reader-response"><p role="status" aria-live="polite" aria-atomic="true"></p> <ul></ul></div>
<form action="/aeswp/wp-json/wp/v2/pages/25669#wpcf7-f26300-o1" method="post" class="wpcf7-form init" aria-label="Formulaire de contact" novalidate="novalidate" data-status="init">
<fieldset class="hidden-fields-container"><input type="hidden" name="_wpcf7" value="26300" /><input type="hidden" name="_wpcf7_version" value="6.1.5" /><input type="hidden" name="_wpcf7_locale" value="fr_FR" /><input type="hidden" name="_wpcf7_unit_tag" value="wpcf7-f26300-o1" /><input type="hidden" name="_wpcf7_container_post" value="0" /><input type="hidden" name="_wpcf7_posted_data_hash" value="" />
</fieldset>
<h1>Demande de réservation de l'amphithéâtre Ville de Mons:
</h1>
<p><label> Votre nom (*)<br />
<span class="wpcf7-form-control-wrap" data-name="nom"><input size="40" maxlength="400" class="wpcf7-form-control wpcf7-text wpcf7-validates-as-required" aria-required="true" aria-invalid="false" placeholder="Votre nom" value="" type="text" name="nom" /></span> </label>
</p>
<p><label> Votre adresse de messagerie (*)<br />
<span class="wpcf7-form-control-wrap" data-name="email"><input size="40" maxlength="400" class="wpcf7-form-control wpcf7-email wpcf7-validates-as-required wpcf7-text wpcf7-validates-as-email" aria-required="true" aria-invalid="false" placeholder="Votre email" value="" type="email" name="email" /></span> </label>
</p>
<p><label> Date de réservation (*)<br />
<span class="wpcf7-form-control-wrap" data-name="date_reservation"><input class="wpcf7-form-control wpcf7-date wpcf7-validates-as-required wpcf7-validates-as-date" aria-required="true" aria-invalid="false" value="" type="date" name="date_reservation" /></span> </label>
</p>
<table style="width: 50%;text-align: center;">
	<tbody>
		<tr>
			<td style="width: 50%;">
				<p>Choisir l'heure de début
				</p>
			</td>
			<td style="width: 50%;">
				<p>Choisir l'heure de fin
				</p>
			</td>
		</tr>
		<tr>
			<td style="width: 50%;">
				<p><input id="heure_debut" type="time" name="heure_debut" value="20:30" />
				</p>
			</td>
			<td style="width: 50%;">
				<p><input id="heure_fin" type="time" name="heure_fin" value="22:30" />
				</p>
			</td>
		</tr>
	</tbody>
</table>
<p><label> Votre message:<br />
<textarea name="message"
   rows="5" cols="60">
Renseigner votre message ici.
</textarea></label>
</p>
<P>(*) Ces champs doivent être renseignés pour pouvoir envoyer le formulaire
</p>
<p>[wpgdprc "En utilisant ce formulaire, vous acceptez le stockage et le traitement de vos données par ce site."]
</p>
<p><input class="wpcf7-form-control wpcf7-submit has-spinner" type="submit" value="Envoyer" />
</p><div class="wpcf7-response-output" aria-hidden="true"></div>
</form>
</div>
</div>
<p>[/et_pb_code][/et_pb_column][/et_pb_row][/et_pb_section]</p>

<p>Réservation Salle de répétitions Amphithéâtre Ville de Mons : Pour réserver la salle, merci d&rsquo;adresser un mail à contact@artsenscenes.fr en précisant date, créneaux horaires et objet de votre activité. Vous pouvez également utiliser le formulaire ci-dessous. PS: Pour pouvoir utiliser la salle, il faut être membre de l&rsquo;association, à jour de sa cotisation. <p class="wpcf7-contact-form-not-found"><strong>Erreur :</strong> Formulaire de contact non trouvé !</p></p>
